-4*m - 2*n, -11*m = -7*m - j*n - 466. List the prime factors of m.
3, 13
Let h = 46 + -43. Suppose 5*z - 20 = 5*b, -h*z - b - 4 = -0*z. Suppose 10*f - 8*f - 5*w - 272 = 0, z = w - 4. What are the prime factors of f?
2, 73
Let z(m) = 286*m**2 - 34*m - 124. Let a be z(-6). Suppose a = -73*u + 81*u. What are the prime factors of u?
1297
Let x(v) = 228*v**2 - 2*v - 1. Let b be x(-1). Suppose -3*n + 331 = -653. Let a = n - b. What are the prime factors of a?
3, 11
Suppose 3*l + 22839 = 5*r, 0*l - l + 2 = 0. What are the prime factors of r?
3, 1523
Suppose 0 = 63*u - 51*u - 156. Suppose -t = -j + 2*t + u, 3*j - t = 55. List the prime factors of j.
19
List the prime factors of 4*(-3)/15 + (-3)/((-180)/1495608).
2, 11, 103
Let n = -506 + 509. Suppose -n*v = 3*y - 2104 + 682, v - 498 = 5*y. What are the prime factors of v?
2, 239
Let g be (7 - 8)/(3/12) + -183. What are the prime factors of (-2 - -1)*4 - (1 + g)?
2, 7, 13
List the prime factors of ((-384772)/(-496))/((-1)/(-40)).
2, 5, 29, 107
Let n = 22097 + -6177. What are the prime factors of n?
2, 5, 199
Suppose 317904 + 398306 = 20*b + 233010. What are the prime factors of b?
2, 5, 151
Suppose 59840 = 78*c - 68*c - 711090. List the prime factors of c.
77093
Let d = 824 - 217. Let c = -580 + d. List the prime factors of c.
3
Suppose -3*q - 6 = 72. Let c = q - -21. What are the prime factors of (-69)/c - (1/(-5) - 0)?
2, 7
Suppose 30*w = -12007 + 39037. What are the prime factors of w?
17, 53
Let u be (-3)/(4 + 345/(-84)). Let s be 10503/12 + (-7)/u. Suppose -7 = p - 2, -3*p - s = -5*q. List the prime factors of q.
2, 43
Suppose -18776 = 2*h - 3*u - 60287, 2*h + u = 41515. What are the prime factors of h?
3, 11, 17, 37
What are the prime factors of 2560 + (-18)/(-18) + -8?
3, 23, 37
Suppose 5*d = -i - i + 484, d - 468 = -2*i. Suppose -3*r = -i - 95. What are the prime factors of r?
109
Let v(l) = 151*l - 105. Let q be v(4). Suppose -7*t + 6*t + 3*y = -q, y = 3. List the prime factors of t.
2, 127
Let u = -70 + 95. Suppose 0 = 33*x - u*x + 392. What are the prime factors of (x + 1)*18/(-18)?
2, 3
Let d = -27182 + 66223. What are the prime factors of d?
39041
Suppose -26*d + 27*d = 4*s - 94118, -5*s + 117646 = -2*d. Suppose 48*r - s = 16070. What are the prime factors of r?
3, 5, 11
Let i(c) = c. Let j(k) = -418*k + 86. Let u(p) = 3*i(p) - j(p). What are the prime factors of u(5)?
3, 673
Suppose 16 = u - 3*l, -22*u - 3*l = -19*u. Suppose u*h = 3*x - 4545, 3*x - 3738 = -5*h + 807. What are the prime factors of x?
3, 5, 101
Let j(b) = 49*b**2 - 11*b - 26. Suppose -6 = 8*i + 18. List the prime factors of j(i).
2, 7
List the prime factors of 1693713/119 + (-12)/(-102).
43, 331
Let x(o) = 2266*o**2 - o - 1. Let w be x(1). Suppose 10*k - w = 1326. List the prime factors of k.
359
Let f(m) = m**2 + 3*m + 65. Let i(h) = h**2 + 11*h + 8. Let x be i(-12). What are the prime factors of f(x)?
3, 5, 7
Suppose 1672657 = 2097*u - 1796*u. List the prime factors of u.
5557
Suppose 4*a = -i + 10, 7*i + 5*a = 2*i + 80. Suppose -12 = -i*l + 20*l. Let u(f) = -11*f + 20. List the prime factors of u(l).
2, 43
Suppose -17*w + 16*w = -11*w + 1570. What are the prime factors of w?
157
Suppose 0 = -550*j + 605*j - 1113420. What are the prime factors of j?
2, 3, 7, 241
Suppose 0 = -57*l + 197308 - 50191. List the prime factors of l.
29, 89
Let p(m) be the second derivative of -m**5/20 + m**4/4 + 7*m**3/6 - 7*m**2 - 17*m. Let w be p(-7). Suppose 0 = -2*t - 5*t + w. List the prime factors of t.
61
Let r(l) = -156*l**3 + 1 - 173*l**3 + 4*l**2 - 71*l**3 + 2*l - 2*l**2. What are the prime factors of r(-1)?
401
Suppose -j + 244*s - 245*s = -33518, 2*s = -3*j + 100559. List the prime factors of j.
7, 4789
Suppose -2*x - 4*b + 2160 = 0, b + 616 = 3*x - 2624. List the prime factors of x.
2, 3, 5
Let z = -19435 + 32928. What are the prime factors of z?
103, 131
Suppose -9*u + u + 1496 = 0. What are the prime factors of u?
11, 17
Let b(j) = -2*j**3 + 3*j**2 + 7*j + 14. Suppose 11 = -3*a - 7. Let l be b(a). Suppose 4*z - 1100 = -4*x, 4*z - x - 598 - l = 0. What are the prime factors of z?
277
Let i = 38666 - 22687. What are the prime factors of i?
19, 29
What are the prime factors of -2*((-2)/10)/((-40)/(-35300))?
353
Suppose 2*i - 7355 = 3*v, -3*v = 82*i - 87*i + 18401. What are the prime factors of i?
2, 7, 263
Suppose -140 + 1750 = 23*a. Let s = a - -339. What are the prime factors of s?
409
Suppose 4*q + 5*m = 32, -7 = -2*q - m + 3. Suppose -24 = 3*v - q. List the prime factors of 2/v + 4 + 1940/28.
73
Let a(l) = -3*l + 13. Let g be a(9). Let r = 29 - g. List the prime factors of r.
43
Suppose 2*h + 4*v - 20910 = 0, -20913 = 35*h - 37*h - v. List the prime factors of h.
10457
List the prime factors of (30/(-35))/((-72)/(-20608))*(-1143)/4.
2, 3, 23, 127
Suppose -2*p + 4*w = 2 - 32, 0 = 3*p + 4*w - 65. Suppose -p*c + 15*c + 1108 = 0. What are the prime factors of c?
277
Let k(c) = c**3 - 2*c**2 + 50*c - 9. List the prime factors of k(7).
2, 293
Let i be 4/5 + (-415152)/(-135). Let c = -1490 + i. List the prime factors of c.
2, 13, 61
Suppose -20*w + 19490 + 115610 = 0. List the prime factors of w.
5, 7, 193
Let t = 3487 - 2650. What are the prime factors of t?
3, 31
Let m = -98 - -6657. List the prime factors of m.
7, 937
Let p(n) = -n**3 + 23*n**2 - 24*n - 68. Let f be p(20). Let d = 1102 - f. What are the prime factors of d?
2, 3, 5
Let w = -338 - -344. Suppose w*b = -1161 + 4683. What are the prime factors of b?
587
Suppose 41679 = -10*q - 16*q + 275679. List the prime factors of q.
2, 3, 5
Suppose -q + 17302 = -5*v + 4*v, -4*v - 8 = 0. What are the prime factors of q?
2, 5, 173
Let t = -50 + 54. Suppose 12 = 3*p + 4*c, t*p + 3*c + 0 = 9. List the prime factors of -22*(p/2 + 10/(-4)).
5, 11
Let m = -656 - -658. What are the prime factors of (8764/42)/(m/6) - 4?
2, 311
Let h = 7583 + -707. What are the prime factors of h?
2, 3, 191
Suppose -4571*t + 4559*t + 52200 = 0. List the prime factors of t.
2, 3, 5, 29
Suppose -4 = 5*v + 26. Let w be ((-60)/(-35))/(v/(-105)). Suppose b = 44 + w. List the prime factors of b.
2, 37
Let r(u) = 133*u**2 + 169*u - 1843. List the prime factors of r(10).
13147
Let z be 18715/(-6) - 1/(-30)*5. Let q = -1950 - z. What are the prime factors of q?
7, 167
Let u be (-6)/21 - (-117)/(-7). Let h = u + 17. Suppose -s + r = 2, -3*s + 2*r + h - 1 = 0. List the prime factors of s.
3
Let c = 1782 - -486. List the prime factors of c.
2, 3, 7
Suppose -2*d + 24979 = 5*g - 23506, 121181 = 5*d + 8*g. What are the prime factors of d?
3, 5, 17, 19
Suppose -6*g + 10*g = 0. Suppose g*r = -r + 44. Suppose 0 = -6*n + 58 + r. List the prime factors of n.
17
List the prime factors of 2 - 1184232/(-20) - (-6 + 168/30).
2, 3, 71, 139
Suppose -3*b + 13*k - 10*k = -96, -5*k + 83 = 4*b. Let f be -1 - 4/(-1) - (b - 25). Let a(n) = 123*n**3 + n**2 + 4*n - 4. What are the prime factors of a(f)?
2, 31
Let b(t) be the third derivative of t**6/120 - 2*t**5/15 + 5*t**3/3 + 4*t**2. Let v be b(8). Let o = v + 34. What are the prime factors of o?
2, 11
List the prime factors of (((-1348392)/16)/19 + 0)/(4/(-40)).
3, 5, 2957
Let q(h) = 390*h**2 - 3*h - 2. Let b be q(-1). Suppose -4*l + 0*d = d - b, d = 2*l - 191. List the prime factors of l.
97
Suppose 8*z - 3*z + 4*p = -20, -10 = 3*z + 2*p. Let g(c) = 8*c + 90. Let j be g(z). List the prime factors of 222/5*j/27.
2, 37
Suppose 19*l = 96*l - 439208. What are the prime factors of l?
2, 23, 31
Let k = -13859 + 49636. List the prime factors of k.
7, 19, 269
Suppose -5*l - 707 = 5*u - 9*u, -5*u + 905 = -2*l. Suppose 0 = -66*y + 67*y - u. What are the prime factors of y?
3, 61
Let h(u) = 4*u + 4*u - 7 - u**2 - 4*u + 3*u. Let i be h(5). Suppose 0 = i*v - 5*o - 367, -2*v + 253 = o + 4*o. List the prime factors of v.
2, 31
Suppose 165*x - 5693 = -j + 164*x, -3*j - 4*x = -17073. List the prime factors of j.
41, 139
Suppose -16785 + 57340 + 33065 = 3*b. What are the prime factors of b?
2, 3, 5, 409
Suppose 2*q - 589*m + 594*m - 48374 = 0, 2*q + m = 48382. What are the prime factors of q?
2, 3, 7
Suppose -134 + 470 = 2*f. Suppose -f - 44 = -4*a. List the prime factors of a - ((-15)/(-5) - 5).
5, 11
Let y(f) = 2*f**2 + 123*f + 509. What are the prime factors of y(43)?
2, 1187
Let h be 2*(-2 - -3)/(-1